{"id":455,"date":"2024-03-08T11:38:24","date_gmt":"2024-03-08T14:38:24","guid":{"rendered":"https:\/\/herbalife.kebronze.com.br\/?page_id=455"},"modified":"2024-03-08T11:40:17","modified_gmt":"2024-03-08T14:40:17","slug":"fiber","status":"publish","type":"page","link":"https:\/\/herbalife.kebronze.com.br\/index.php\/fiber\/","title":{"rendered":"Fiber"},"content":{"rendered":"\t\t<div data-elementor-type=\"wp-page\" data-elementor-id=\"455\" class=\"elementor elementor-455\" data-elementor-post-type=\"page\">\n\t\t\t\t<div class=\"elementor-element elementor-element-bdd1e25 e-flex e-con-boxed e-con e-parent\" data-id=\"bdd1e25\" data-element_type=\"container\" data-settings=\"{&quot;content_width&quot;:&quot;boxed&quot;}\" data-core-v316-plus=\"true\">\n\t\t\t\t\t<div class=\"e-con-inner\">\n\t\t<div class=\"elementor-element elementor-element-940fd46 e-con-full e-flex e-con e-child\" data-id=\"940fd46\" data-element_type=\"container\" data-settings=\"{&quot;content_width&quot;:&quot;full&quot;}\">\n\t\t\t\t<div class=\"elementor-element elementor-element-c256efd elementor-widget elementor-widget-image\" data-id=\"c256efd\" data-element_type=\"widget\" data-widget_type=\"image.default\">\n\t\t\t\t<div class=\"elementor-widget-container\">\n\t\t\t<style>\/*! elementor - v3.19.0 - 28-02-2024 *\/\n.elementor-widget-image{text-align:center}.elementor-widget-image a{display:inline-block}.elementor-widget-image a img[src$=\".svg\"]{width:48px}.elementor-widget-image img{vertical-align:middle;display:inline-block}<\/style>\t\t\t\t\t\t\t\t\t\t<img fetchpriority=\"high\" decoding=\"async\" width=\"303\" height=\"320\" src=\"https:\/\/herbalife.kebronze.com.br\/wp-content\/uploads\/2024\/03\/18-7388-fiber-po.webp\" class=\"attachment-large size-large wp-image-404\" alt=\"\" srcset=\"https:\/\/herbalife.kebronze.com.br\/wp-content\/uploads\/2024\/03\/18-7388-fiber-po.webp 303w, https:\/\/herbalife.kebronze.com.br\/wp-content\/uploads\/2024\/03\/18-7388-fiber-po-284x300.webp 284w, https:\/\/herbalife.kebronze.com.br\/wp-content\/uploads\/2024\/03\/18-7388-fiber-po-64x68.webp 64w\" sizes=\"(max-width: 303px) 100vw, 303px\" \/>\t\t\t\t\t\t\t\t\t\t\t\t\t<\/div>\n\t\t\t\t<\/div>\n\t\t\t\t<\/div>\n\t\t<div class=\"elementor-element elementor-element-9a24579 e-con-full e-flex e-con e-child\" data-id=\"9a24579\" data-element_type=\"container\" data-settings=\"{&quot;content_width&quot;:&quot;full&quot;}\">\n\t\t\t\t<div class=\"elementor-element elementor-element-059080b elementor-widget elementor-widget-heading\" data-id=\"059080b\" data-element_type=\"widget\" data-widget_type=\"heading.default\">\n\t\t\t\t<div class=\"elementor-widget-container\">\n\t\t\t<style>\/*! elementor - v3.19.0 - 28-02-2024 *\/\n.elementor-heading-title{padding:0;margin:0;line-height:1}.elementor-widget-heading .elementor-heading-title[class*=elementor-size-]>a{color:inherit;font-size:inherit;line-height:inherit}.elementor-widget-heading .elementor-heading-title.elementor-size-small{font-size:15px}.elementor-widget-heading .elementor-heading-title.elementor-size-medium{font-size:19px}.elementor-widget-heading .elementor-heading-title.elementor-size-large{font-size:29px}.elementor-widget-heading .elementor-heading-title.elementor-size-xl{font-size:39px}.elementor-widget-heading .elementor-heading-title.elementor-size-xxl{font-size:59px}<\/style><h2 class=\"elementor-heading-title elementor-size-default\">Fiber Powder<\/h2>\t\t<\/div>\n\t\t\t\t<\/div>\n\t\t\t\t<div class=\"elementor-element elementor-element-04dba53 elementor-align-left elementor-widget elementor-widget-button\" data-id=\"04dba53\" data-element_type=\"widget\" data-widget_type=\"button.default\">\n\t\t\t\t<div class=\"elementor-widget-container\">\n\t\t\t\t\t<div class=\"elementor-button-wrapper\">\n\t\t\t<a class=\"elementor-button elementor-button-link elementor-size-sm\" href=\"#\">\n\t\t\t\t\t\t<span class=\"elementor-button-content-wrapper\">\n\t\t\t\t\t\t<span class=\"elementor-button-text\">Quero adiquirir<\/span>\n\t\t<\/span>\n\t\t\t\t\t<\/a>\n\t\t<\/div>\n\t\t\t\t<\/div>\n\t\t\t\t<\/div>\n\t\t\t\t<\/div>\n\t\t\t\t\t<\/div>\n\t\t\t\t<\/div>\n\t\t<div class=\"elementor-element elementor-element-98ec404 e-flex e-con-boxed e-con e-parent\" data-id=\"98ec404\" data-element_type=\"container\" data-settings=\"{&quot;background_background&quot;:&quot;classic&quot;,&quot;content_width&quot;:&quot;boxed&quot;}\" data-core-v316-plus=\"true\">\n\t\t\t\t\t<div class=\"e-con-inner\">\n\t\t\t\t\t<\/div>\n\t\t\t\t<\/div>\n\t\t<div class=\"elementor-element elementor-element-76ac704 e-flex e-con-boxed e-con e-parent\" data-id=\"76ac704\" data-element_type=\"container\" data-settings=\"{&quot;background_background&quot;:&quot;classic&quot;,&quot;content_width&quot;:&quot;boxed&quot;}\" data-core-v316-plus=\"true\">\n\t\t\t\t\t<div class=\"e-con-inner\">\n\t\t<div class=\"elementor-element elementor-element-d4e76c0 e-con-full e-flex e-con e-child\" data-id=\"d4e76c0\" data-element_type=\"container\" data-settings=\"{&quot;content_width&quot;:&quot;full&quot;}\">\n\t\t\t\t<div class=\"elementor-element elementor-element-e59b3a8 elementor-widget elementor-widget-heading\" data-id=\"e59b3a8\" data-element_type=\"widget\" data-widget_type=\"heading.default\">\n\t\t\t\t<div class=\"elementor-widget-container\">\n\t\t\t<h2 class=\"elementor-heading-title elementor-size-default\">DIFERENTES FONTES DE FIBRAS COM DIFERENTES BENEF\u00cdCIOS\n<\/h2>\t\t<\/div>\n\t\t\t\t<\/div>\n\t\t\t\t<div class=\"elementor-element elementor-element-135d044 elementor-widget elementor-widget-text-editor\" data-id=\"135d044\" data-element_type=\"widget\" data-widget_type=\"text-editor.default\">\n\t\t\t\t<div class=\"elementor-widget-container\">\n\t\t\t<style>\/*! elementor - v3.19.0 - 28-02-2024 *\/\n.elementor-widget-text-editor.elementor-drop-cap-view-stacked .elementor-drop-cap{background-color:#69727d;color:#fff}.elementor-widget-text-editor.elementor-drop-cap-view-framed .elementor-drop-cap{color:#69727d;border:3px solid;background-color:transparent}.elementor-widget-text-editor:not(.elementor-drop-cap-view-default) .elementor-drop-cap{margin-top:8px}.elementor-widget-text-editor:not(.elementor-drop-cap-view-default) .elementor-drop-cap-letter{width:1em;height:1em}.elementor-widget-text-editor .elementor-drop-cap{float:left;text-align:center;line-height:1;font-size:50px}.elementor-widget-text-editor .elementor-drop-cap-letter{display:inline-block}<\/style>\t\t\t\t<p>\u00c9 um produto de origem natural, em p\u00f3, fonte de fibra sol\u00favel.<\/p><p>Contribui para o consumo di\u00e1rio de fibras alimentares.<\/p><p>Seu ingrediente principal \u00e9 elaborado de fibra de milho sol\u00favel.<\/p><p>Cada por\u00e7\u00e3o fornece 4g de fibra sol\u00favel.<\/p><p>As fibras auxiliam o bom funcionamento do intestino.<\/p><p>Ajuda a manter a sa\u00fade gastrintestinal<\/p><p>Apenas 5 kcal\/por\u00e7\u00e3o.<\/p>\t\t\t\t\t\t<\/div>\n\t\t\t\t<\/div>\n\t\t\t\t<\/div>\n\t\t<div class=\"elementor-element elementor-element-2c4e33b e-con-full e-flex e-con e-child\" data-id=\"2c4e33b\" data-element_type=\"container\" data-settings=\"{&quot;content_width&quot;:&quot;full&quot;}\">\n\t\t\t\t<div class=\"elementor-element elementor-element-68484ea elementor-widget elementor-widget-heading\" data-id=\"68484ea\" data-element_type=\"widget\" data-widget_type=\"heading.default\">\n\t\t\t\t<div class=\"elementor-widget-container\">\n\t\t\t<h2 class=\"elementor-heading-title elementor-size-default\">COMO FUNCIONA<\/h2>\t\t<\/div>\n\t\t\t\t<\/div>\n\t\t\t\t<div class=\"elementor-element elementor-element-1ee486b elementor-widget elementor-widget-text-editor\" data-id=\"1ee486b\" data-element_type=\"widget\" data-widget_type=\"text-editor.default\">\n\t\t\t\t<div class=\"elementor-widget-container\">\n\t\t\t\t\t\t\t<p>Fiber Powder* \u00e9 uma fibra em p\u00f3 de sabor neutro, pr\u00e1tica e f\u00e1cil de preparar, que fornece fibras para o seu dia a dia sem alterar os sabores e as texturas dos alimentos em que \u00e9 adicionado.<\/p><p>UMA NOVA MANEIRA DE CONSUMIR FIBRAS.<\/p><p>VERS\u00c1TIL PODE SER USADO QUENTE OU FRIO<\/p><p>DISSOLVE FACILMENTE<\/p><p>4G DE FIBRAS** 5 CALORIAS**<\/p><p>SABOR NEUTRO<\/p><p>\u00a0<\/p>\t\t\t\t\t\t<\/div>\n\t\t\t\t<\/div>\n\t\t\t\t<\/div>\n\t\t\t\t\t<\/div>\n\t\t\t\t<\/div>\n\t\t<div class=\"elementor-element elementor-element-b2809ed e-flex e-con-boxed e-con e-parent\" data-id=\"b2809ed\" data-element_type=\"container\" data-settings=\"{&quot;background_background&quot;:&quot;classic&quot;,&quot;content_width&quot;:&quot;boxed&quot;}\" data-core-v316-plus=\"true\">\n\t\t\t\t\t<div class=\"e-con-inner\">\n\t\t<div class=\"elementor-element elementor-element-d33fc58 e-con-full e-flex e-con e-child\" data-id=\"d33fc58\" data-element_type=\"container\" data-settings=\"{&quot;content_width&quot;:&quot;full&quot;}\">\n\t\t\t\t<div class=\"elementor-element elementor-element-d9d7d57 elementor-widget elementor-widget-image\" data-id=\"d9d7d57\" data-element_type=\"widget\" data-widget_type=\"image.default\">\n\t\t\t\t<div class=\"elementor-widget-container\">\n\t\t\t\t\t\t\t\t\t\t\t\t\t<img decoding=\"async\" width=\"690\" height=\"510\" src=\"https:\/\/herbalife.kebronze.com.br\/wp-content\/uploads\/2024\/03\/44-3038c-fiber-powder-275g.png\" class=\"attachment-large size-large wp-image-427\" alt=\"\" srcset=\"https:\/\/herbalife.kebronze.com.br\/wp-content\/uploads\/2024\/03\/44-3038c-fiber-powder-275g.png 690w, https:\/\/herbalife.kebronze.com.br\/wp-content\/uploads\/2024\/03\/44-3038c-fiber-powder-275g-300x222.png 300w, https:\/\/herbalife.kebronze.com.br\/wp-content\/uploads\/2024\/03\/44-3038c-fiber-powder-275g-600x443.png 600w, https:\/\/herbalife.kebronze.com.br\/wp-content\/uploads\/2024\/03\/44-3038c-fiber-powder-275g-64x47.png 64w\" sizes=\"(max-width: 690px) 100vw, 690px\" \/>\t\t\t\t\t\t\t\t\t\t\t\t\t<\/div>\n\t\t\t\t<\/div>\n\t\t\t\t<\/div>\n\t\t<div class=\"elementor-element elementor-element-3c6c966 e-con-full e-flex e-con e-child\" data-id=\"3c6c966\" data-element_type=\"container\" data-settings=\"{&quot;content_width&quot;:&quot;full&quot;}\">\n\t\t\t\t<div class=\"elementor-element elementor-element-8441ecf elementor-widget elementor-widget-heading\" data-id=\"8441ecf\" data-element_type=\"widget\" data-widget_type=\"heading.default\">\n\t\t\t\t<div class=\"elementor-widget-container\">\n\t\t\t<h2 class=\"elementor-heading-title elementor-size-default\">COMO PREPARAR\n<\/h2>\t\t<\/div>\n\t\t\t\t<\/div>\n\t\t\t\t<div class=\"elementor-element elementor-element-11a54b3 elementor-widget elementor-widget-image\" data-id=\"11a54b3\" data-element_type=\"widget\" data-widget_type=\"image.default\">\n\t\t\t\t<div class=\"elementor-widget-container\">\n\t\t\t\t\t\t\t\t\t\t\t\t\t<img decoding=\"async\" width=\"530\" height=\"300\" src=\"https:\/\/herbalife.kebronze.com.br\/wp-content\/uploads\/2024\/03\/89-5664b-fiber-concentrate-i.png\" class=\"attachment-large size-large wp-image-413\" alt=\"\" srcset=\"https:\/\/herbalife.kebronze.com.br\/wp-content\/uploads\/2024\/03\/89-5664b-fiber-concentrate-i.png 530w, https:\/\/herbalife.kebronze.com.br\/wp-content\/uploads\/2024\/03\/89-5664b-fiber-concentrate-i-300x170.png 300w, https:\/\/herbalife.kebronze.com.br\/wp-content\/uploads\/2024\/03\/89-5664b-fiber-concentrate-i-64x36.png 64w\" sizes=\"(max-width: 530px) 100vw, 530px\" \/>\t\t\t\t\t\t\t\t\t\t\t\t\t<\/div>\n\t\t\t\t<\/div>\n\t\t\t\t<\/div>\n\t\t\t\t\t<\/div>\n\t\t\t\t<\/div>\n\t\t<div class=\"elementor-element elementor-element-97c11c0 e-flex e-con-boxed e-con e-parent\" data-id=\"97c11c0\" data-element_type=\"container\" data-settings=\"{&quot;content_width&quot;:&quot;boxed&quot;}\" data-core-v316-plus=\"true\">\n\t\t\t\t\t<div class=\"e-con-inner\">\n\t\t\t\t<div class=\"elementor-element elementor-element-4c20304 elementor-widget elementor-widget-heading\" data-id=\"4c20304\" data-element_type=\"widget\" data-widget_type=\"heading.default\">\n\t\t\t\t<div class=\"elementor-widget-container\">\n\t\t\t<h2 class=\"elementor-heading-title elementor-size-default\">INFORMA\u00c7\u00c3O NUTRICIONAL\n<\/h2>\t\t<\/div>\n\t\t\t\t<\/div>\n\t\t\t\t<div class=\"elementor-element elementor-element-08cfd5a elementor-widget elementor-widget-image\" data-id=\"08cfd5a\" data-element_type=\"widget\" data-widget_type=\"image.default\">\n\t\t\t\t<div class=\"elementor-widget-container\">\n\t\t\t\t\t\t\t\t\t\t\t\t\t<img loading=\"lazy\" decoding=\"async\" width=\"800\" height=\"148\" src=\"https:\/\/herbalife.kebronze.com.br\/wp-content\/uploads\/2024\/03\/44-7064d-fiber-powder-275g-1024x189.webp\" class=\"attachment-large size-large wp-image-435\" alt=\"\" srcset=\"https:\/\/herbalife.kebronze.com.br\/wp-content\/uploads\/2024\/03\/44-7064d-fiber-powder-275g-1024x189.webp 1024w, https:\/\/herbalife.kebronze.com.br\/wp-content\/uploads\/2024\/03\/44-7064d-fiber-powder-275g-300x55.webp 300w, https:\/\/herbalife.kebronze.com.br\/wp-content\/uploads\/2024\/03\/44-7064d-fiber-powder-275g-768x142.webp 768w, https:\/\/herbalife.kebronze.com.br\/wp-content\/uploads\/2024\/03\/44-7064d-fiber-powder-275g-1536x283.webp 1536w, https:\/\/herbalife.kebronze.com.br\/wp-content\/uploads\/2024\/03\/44-7064d-fiber-powder-275g-1320x243.webp 1320w, https:\/\/herbalife.kebronze.com.br\/wp-content\/uploads\/2024\/03\/44-7064d-fiber-powder-275g-600x111.webp 600w, https:\/\/herbalife.kebronze.com.br\/wp-content\/uploads\/2024\/03\/44-7064d-fiber-powder-275g-64x12.webp 64w, https:\/\/herbalife.kebronze.com.br\/wp-content\/uploads\/2024\/03\/44-7064d-fiber-powder-275g.webp 1920w\" sizes=\"(max-width: 800px) 100vw, 800px\" \/>\t\t\t\t\t\t\t\t\t\t\t\t\t<\/div>\n\t\t\t\t<\/div>\n\t\t\t\t\t<\/div>\n\t\t\t\t<\/div>\n\t\t\t\t<\/div>\n\t\t","protected":false},"excerpt":{"rendered":"<p>Fiber Powder Quero adiquirir DIFERENTES FONTES DE FIBRAS COM DIFERENTES BENEF\u00cdCIOS \u00c9 um produto de origem natural, em p\u00f3, fonte de fibra sol\u00favel. Contribui para o consumo di\u00e1rio de fibras alimentares. Seu ingrediente principal \u00e9 elaborado de fibra de milho sol\u00favel. Cada por\u00e7\u00e3o fornece 4g de fibra sol\u00favel. As fibras auxiliam o bom funcionamento do [&hellip;]<\/p>\n","protected":false},"author":1,"featured_media":0,"parent":0,"menu_order":0,"comment_status":"closed","ping_status":"closed","template":"elementor_header_footer","meta":{"footnotes":""},"_links":{"self":[{"href":"https:\/\/herbalife.kebronze.com.br\/index.php\/wp-json\/wp\/v2\/pages\/455"}],"collection":[{"href":"https:\/\/herbalife.kebronze.com.br\/index.php\/wp-json\/wp\/v2\/pages"}],"about":[{"href":"https:\/\/herbalife.kebronze.com.br\/index.php\/wp-json\/wp\/v2\/types\/page"}],"author":[{"embeddable":true,"href":"https:\/\/herbalife.kebronze.com.br\/index.php\/wp-json\/wp\/v2\/users\/1"}],"replies":[{"embeddable":true,"href":"https:\/\/herbalife.kebronze.com.br\/index.php\/wp-json\/wp\/v2\/comments?post=455"}],"version-history":[{"count":7,"href":"https:\/\/herbalife.kebronze.com.br\/index.php\/wp-json\/wp\/v2\/pages\/455\/revisions"}],"predecessor-version":[{"id":462,"href":"https:\/\/herbalife.kebronze.com.br\/index.php\/wp-json\/wp\/v2\/pages\/455\/revisions\/462"}],"wp:attachment":[{"href":"https:\/\/herbalife.kebronze.com.br\/index.php\/wp-json\/wp\/v2\/media?parent=455"}],"curies":[{"name":"wp","href":"https:\/\/api.w.org\/{rel}","templated":true}]}}